{"id":264,"date":"2022-12-09T18:02:35","date_gmt":"2022-12-09T17:02:35","guid":{"rendered":"https:\/\/muensteraner-kreis.de\/?page_id=264"},"modified":"2022-12-12T14:27:42","modified_gmt":"2022-12-12T13:27:42","slug":"muensteraner-memorandum-anthroposophische-medizin","status":"publish","type":"page","link":"https:\/\/muensteraner-kreis.de\/?page_id=264","title":{"rendered":"M\u00fcnsteraner Memorandum Anthroposophische Medizin"},"content":{"rendered":"\n<p>Autoren: Oliver R. Scholz, Norbert Schmacke<\/p>\n\n\n\n<p>November 2022<\/p>\n\n\n\n<h3 class=\"wp-block-heading\">AUSZ\u00dcGE<\/h3>\n\n\n\n<p>Die von Rudolf Steiner (1861-1925) begr\u00fcndete Anthroposophie ist heute eine der erfolgreichsten \u201eokkulten\u201c und \u201eesoterischen\u201c Bewegungen. Die anthroposophische Bewegung entstand vor \u00fcber hundert Jahren in Deutschland und der Schweiz. Nach Steiners Tod breitete sich die anthroposophische Bewegung weiter aus, zun\u00e4chst in Mittel- und Nordeuropa (u.a. Niederlande, Frankreich, England); sie gewinnt aber auch in Osteuropa und au\u00dferhalb Europas (u.a. USA) vermehrt Anh\u00e4nger.<\/p>\n\n\n\n<p>In den Ver\u00f6ffentlichungen der anthroposophischen Bewegung wird Steiner als einer der bedeutendsten Denker der Menschheit \u2013 und zwar nicht nur als der gr\u00f6\u00dfte Esoteriker des 20. Jahrhunderts, sondern ausdr\u00fccklich auch als herausragender Wissenschaftler und Philosoph \u2013 ausgegeben.<\/p>\n\n\n\n<p>Nachdem eine akademische Karriere aus verschiedenen Gr\u00fcnden nicht mehr in Frage kam, wandte sich Steiner um 1900 mit gro\u00dfem Elan der Esoterik zu, die um die Jahrhundertwende in Europa und den USA in vielf\u00e4ltigen Formen bl\u00fchte. Im Februar 1913 initiierte Steiner eine Anthroposophische Gesellschaft, um sich damit institutionell scharf von der theosophischen Bewegung abzusetzen und eine eigene soziale und kulturelle Bewegung zu begr\u00fcnden.<\/p>\n\n\n\n<p>Steiner berief sich auf besondere, nur ihm und seinen ergebensten Sch\u00fclern zug\u00e4ngliche Erkenntnisquellen. So nahm er f\u00fcr sich ein besonderes Verm\u00f6gen, \u201eclairvoyantes Hellsehen\u201c oder \u201eHellsicht\u201c durch \u201eGeistesaugen\u201c, in Anspruch, das es ihm erm\u00f6gliche, \u201edie h\u00f6heren Welten\u201c durch seine Visionen zu erkennen und die komplexesten Zusammenh\u00e4nge, etwa im menschlichen Organismus, per \u201eWesensschau\u201c gleichsam zu \u201edurchschauen\u201c. Aufgrund dieser hellseherischen F\u00e4higkeit konnte Steiner angeblich in der sog. \u201eAkasha-Chronik\u201c lesen, einem immateriellen Buch, das eine Art umfassendes Weltged\u00e4chtnis enthalten sollte. Mithilfe dieser exklusiven Erkenntnisquellen traute sich Steiner zu, gegenw\u00e4rtige, vergangene und zuk\u00fcnftige Ph\u00e4nomene \u201ewahrzunehmen\u201c und auf dieser Grundlage allgemein anerkannte Lehren \u00fcber die unterschiedlichsten Gegenstandsbereiche, von der biblischen Geschichte bis zur modernen Physik, in Frage zu stellen und gegebenenfalls zu \u201ekorrigieren\u201c.<\/p>\n\n\n\n<p>Insgesamt hielt Steiner die Erweiterung unserer Erkenntnis jenseits intersubjektiv pr\u00fcfbarer Methoden durch die Erkenntnisstufen (in anthroposophischer Terminologie) individuelle \u201eImagination\u201c, \u201eInspiration\u201c und \u201eIntuition\u201c f\u00fcr zielf\u00fchrend und sinnstiftend. Die von ihm verwendeten Kategorien, Methoden und Prinzipien bewegen sich dabei s\u00e4mtlich au\u00dferhalb des modernen naturwissenschaftlichen und psychosozialen Wissens, ja au\u00dferhalb aller Traditionen kritischen Denkens, rationalen Argumentierens und wissenschaftlichen Arbeitens.<\/p>\n\n\n\n<p>Die sich auf Steiner berufende Anthroposophische Medizin entbehrt jeder Rationalit\u00e4t und ist mit ihrer wissenschaftsaversen und ausgepr\u00e4gt esoterischen Grundausrichtung f\u00fcr Kranke und Ratsuchende nutzlos bis gef\u00e4hrlich.<\/p>\n\n\n\n<p><em>Das gesamte Memorandum gibt es hier als <a href=\"http:\/\/muensteraner-kreis.de\/wp-content\/uploads\/2022\/12\/Muensteraner-Memorandum-Anthroposophische-Medizin.pdf\">pdf-Download<\/a>.<\/em><\/p>\n","protected":false},"excerpt":{"rendered":"<p>Autoren: Oliver R. Scholz, Norbert Schmacke November 2022 AUSZ\u00dcGE Die von Rudolf Steiner (1861-1925) begr\u00fcndete Anthroposophie ist heute eine der erfolgreichsten \u201eokkulten\u201c und \u201eesoterischen\u201c Bewegungen. Die anthroposophische Bewegung entstand vor \u00fcber hundert Jahren in Deutschland und der Schweiz. Nach Steiners Tod breitete sich die anthroposophische Bewegung weiter aus, zun\u00e4chst in Mittel- und Nordeuropa (u.a. Niederlande, [&hellip;]<\/p>\n","protected":false},"author":1,"featured_media":0,"parent":0,"menu_order":0,"comment_status":"closed","ping_status":"closed","template":"","meta":{"footnotes":"","_links_to":"","_links_to_target":""},"class_list":["post-264","page","type-page","status-publish","hentry"],"jetpack_sharing_enabled":true,"_links":{"self":[{"href":"https:\/\/muensteraner-kreis.de\/index.php?rest_route=\/wp\/v2\/pages\/264","targetHints":{"allow":["GET"]}}],"collection":[{"href":"https:\/\/muensteraner-kreis.de\/index.php?rest_route=\/wp\/v2\/pages"}],"about":[{"href":"https:\/\/muensteraner-kreis.de\/index.php?rest_route=\/wp\/v2\/types\/page"}],"author":[{"embeddable":true,"href":"https:\/\/muensteraner-kreis.de\/index.php?rest_route=\/wp\/v2\/users\/1"}],"replies":[{"embeddable":true,"href":"https:\/\/muensteraner-kreis.de\/index.php?rest_route=%2Fwp%2Fv2%2Fcomments&post=264"}],"version-history":[{"count":4,"href":"https:\/\/muensteraner-kreis.de\/index.php?rest_route=\/wp\/v2\/pages\/264\/revisions"}],"predecessor-version":[{"id":280,"href":"https:\/\/muensteraner-kreis.de\/index.php?rest_route=\/wp\/v2\/pages\/264\/revisions\/280"}],"wp:attachment":[{"href":"https:\/\/muensteraner-kreis.de\/index.php?rest_route=%2Fwp%2Fv2%2Fmedia&parent=264"}],"curies":[{"name":"wp","href":"https:\/\/api.w.org\/{rel}","templated":true}]}}