{"id":2,"date":"2020-04-18T12:10:32","date_gmt":"2020-04-18T10:10:32","guid":{"rendered":"http:\/\/muensteraner-kreis.de\/?page_id=2"},"modified":"2023-10-29T18:06:48","modified_gmt":"2023-10-29T17:06:48","slug":"beispiel-seite","status":"publish","type":"page","link":"https:\/\/muensteraner-kreis.de\/","title":{"rendered":"Sieben Jahre M\u00fcnsteraner Kreis"},"content":{"rendered":"\n<figure class=\"wp-block-image size-large\"><img loading=\"lazy\" decoding=\"async\" width=\"1024\" height=\"318\" src=\"http:\/\/muensteraner-kreis.de\/wp-content\/uploads\/2020\/04\/Institut-f\u00fcr-Ethik-Geschichte-und-Theorie-der-Medizin1-1024x318.jpg\" alt=\"\" class=\"wp-image-11\" srcset=\"https:\/\/muensteraner-kreis.de\/wp-content\/uploads\/2020\/04\/Institut-f\u00fcr-Ethik-Geschichte-und-Theorie-der-Medizin1-1024x318.jpg 1024w, https:\/\/muensteraner-kreis.de\/wp-content\/uploads\/2020\/04\/Institut-f\u00fcr-Ethik-Geschichte-und-Theorie-der-Medizin1-300x93.jpg 300w, https:\/\/muensteraner-kreis.de\/wp-content\/uploads\/2020\/04\/Institut-f\u00fcr-Ethik-Geschichte-und-Theorie-der-Medizin1-768x239.jpg 768w, https:\/\/muensteraner-kreis.de\/wp-content\/uploads\/2020\/04\/Institut-f\u00fcr-Ethik-Geschichte-und-Theorie-der-Medizin1-1200x373.jpg 1200w, https:\/\/muensteraner-kreis.de\/wp-content\/uploads\/2020\/04\/Institut-f\u00fcr-Ethik-Geschichte-und-Theorie-der-Medizin1.jpg 1280w\" sizes=\"auto, (max-width: 1024px) 100vw, 1024px\" \/><\/figure>\n\n\n\n<div style=\"height:35px\" aria-hidden=\"true\" class=\"wp-block-spacer\"><\/div>\n\n\n\n<p>25. Oktober 2023<\/p>\n\n\n\n<h4 class=\"wp-block-heading\">Der M\u00fcnsteraner Kreis<em> <\/em>legt seine \u201eMemoranden\u201c in Buchform vor \u2013 und beendet seine T\u00e4tigkeit in bisheriger Form\u00a0<\/h4>\n\n\n\n<p>Sieben Jahre lang hat sich der M\u00fcnsteraner Kreis mit kritischen Texten zu Wort gemeldet \u2013 mit Texten, die die verschiedenen Probleme der sogenannten Alternativmedizin adressieren. Meinungsstark, kondensiert und allgemeinverst\u00e4ndlich argumentierend, sollten sie die interessierte \u00d6ffentlichkeit, die Politik und den Journalismus erreichen und aufr\u00fctteln.\u00a0<\/p>\n\n\n\n<p>Inhaltlich richten diese Memoranden sich gegen das Eindringen esoterischer Pseudomedizin in den akademischen Medizinbetrieb; gegen den patientensch\u00e4digenden Lobbyismus der K\u00fcgelchen-Welt; gegen unlautere Heilsversprechen und Wirksamkeitsbehauptungen; gegen das Bedienen nicht-aufgekl\u00e4rter Patientenhoffnungen und die Adelung einer irrationalen Parallelwelt zur wissenschaftsorientierten konventionellen Medizin. Nun liegen alle diese Texte erstmals versammelt in Buchform vor und haben nicht an Aktualit\u00e4t verloren.&nbsp;<\/p>\n\n\n\n<p>Das Wesentliche ist gesagt, aber die Resonanz vor allem in der Politik ist flau. Mit einer entsprechenden Mischung aus Stolz und Ern\u00fcchterung l\u00f6st sich das interdisziplin\u00e4re Experten-Gremium nun auf. Wohl sind in den vergangenen drei Jahren 15 von insgesamt 17 Landes\u00e4rztekammern dem Vorsto\u00df Bremens darin gefolgt, endlich die \u00e4rztliche Zusatzausbildung f\u00fcr Hom\u00f6opathie abzuschaffen: ein Relikt aus vorwissenschaftlichen Zeiten, das fast weltweit seinesgleichen gesucht hat. Aber noch immer besteht etwa die absurde deutsche Konstruktion der \u201ebesonderen Therapierichtungen\u201c, mit deren Hilfe Pr\u00e4parate der Hom\u00f6opathie, Anthroposophischen Medizin und Phytotherapie die etablierten Anforderungen an Wirksamkeitsnachweise umgehen d\u00fcrfen. Noch immer hofieren viele Universit\u00e4ten, \u00c4rztekammern, Kassen\u00e4rztliche Vereinigungen und Gesetzliche Krankenkassen die \u201eAlternativmedizin\u201c, die in Wahrheit doch nur \u201eSchwurbelmedizin\u201c und \u201eQuacksalberei\u201c ist. Diese gef\u00e4hrliche Toleranz betrifft Forschung, Lehre, Versorgung und Finanzierung. Der Ball, so der M\u00fcnsteraner Kreis, liegt nun im Feld der Politik.\u00a0<\/p>\n\n\n\n<figure class=\"wp-block-image size-large is-resized\"><a href=\"https:\/\/www.jmb-verlag.de\/produkt\/muensteraner-memoranden\/\"><img loading=\"lazy\" decoding=\"async\" width=\"724\" height=\"1024\" src=\"http:\/\/muensteraner-kreis.de\/wp-content\/uploads\/2023\/10\/Cover-Memoranden-724x1024.jpg\" alt=\"\" class=\"wp-image-335\" style=\"aspect-ratio:0.70703125;width:234px;height:auto\" srcset=\"https:\/\/muensteraner-kreis.de\/wp-content\/uploads\/2023\/10\/Cover-Memoranden-724x1024.jpg 724w, https:\/\/muensteraner-kreis.de\/wp-content\/uploads\/2023\/10\/Cover-Memoranden-212x300.jpg 212w, https:\/\/muensteraner-kreis.de\/wp-content\/uploads\/2023\/10\/Cover-Memoranden-768x1087.jpg 768w, https:\/\/muensteraner-kreis.de\/wp-content\/uploads\/2023\/10\/Cover-Memoranden-1086x1536.jpg 1086w, https:\/\/muensteraner-kreis.de\/wp-content\/uploads\/2023\/10\/Cover-Memoranden-1447x2048.jpg 1447w, https:\/\/muensteraner-kreis.de\/wp-content\/uploads\/2023\/10\/Cover-Memoranden-880x1245.jpg 880w, https:\/\/muensteraner-kreis.de\/wp-content\/uploads\/2023\/10\/Cover-Memoranden-220x311.jpg 220w, https:\/\/muensteraner-kreis.de\/wp-content\/uploads\/2023\/10\/Cover-Memoranden-scaled.jpg 1809w\" sizes=\"auto, (max-width: 724px) 100vw, 724px\" \/><\/a><\/figure>\n\n\n\n<p><a href=\"https:\/\/www.jmb-verlag.de\/produkt\/muensteraner-memoranden\/\">M\u00fcnsteraner Memoranden<\/a> \u2013 eine kritische Auseinandersetzung mit komplement\u00e4rer und alternativer Medizin; Bettina Sch\u00f6ne-Seifert (Hrsg.) 172 Seiten; 2023; JMB Verlag. ISBN:978-3-95945-600-5. Preis 20,00\u20ac\u00a0<\/p>\n\n\n\n<div style=\"height:54px\" aria-hidden=\"true\" class=\"wp-block-spacer\"><\/div>\n\n\n\n<h4 class=\"wp-block-heading\">Die Projekte im Einzelnen:<\/h4>\n\n\n\n<p>Februar 2023: <a href=\"https:\/\/muensteraner-kreis.de\/?page_id=316\" target=\"_blank\" rel=\"noreferrer noopener\">M\u00fcnsteraner Memorandum Hom\u00f6opathie in der Apotheke<\/a>, in dem dargestellt wird, dass Apotheken gezwungen sind, Hom\u00f6opathika zu liefern, und dass eine nennenswerte Anzahl Apotheken weit dar\u00fcber hinausgeht. Der M\u00fcnsteraner Kreis appelliert an die Apotheker:innen und PTAs in Deutschland, Hom\u00f6opathika nicht mehr als wirksame Therapieoption zu bewerben und sie nicht mehr in Eigenregie herzustellen und zu vermarkten.<\/p>\n\n\n\n<p>Januar 2023: <a href=\"https:\/\/muensteraner-kreis.de\/?page_id=285\">M\u00fcnsteraner Memorandum Evidenzbasierte Medizin<\/a>, in dem wir fordern, dass bei der Beurteilung von Behandlungsans\u00e4tzen immer auch Plausibilit\u00e4ts\u00fcberlegungen einflie\u00dfen m\u00fcssen, die sich auch auf Grundkonzepte etwa der Biologie, Biochemie und Physiologie st\u00fctzen. Im Fall von sogenannter Alternativmedizin muss sich die Wissenschaftsgemeinschaft auf diese wissenschaftliche Gesamtevidenz berufen.<\/p>\n\n\n\n<p>November 2022: <a href=\"https:\/\/muensteraner-kreis.de\/?page_id=264\">M\u00fcnsteraner Memorandum Anthroposophische Medizin<\/a>, in dem wir die Anthroposophie und ihren Gr\u00fcnder Rudolf Steiner vorstellen. Steiner war \u2013 anders als seine Anh\u00e4nger meinen \u2013 kein Wissenschaftler. Die sich auf Steiner berufende Anthroposophische Medizin entbehrt jeder Rationalit\u00e4t und ist mit ihrer wissenschaftsaversen und ausgepr\u00e4gt esoterischen Grundausrichtung f\u00fcr Kranke und Ratsuchende nutzlos bis gef\u00e4hrlich. <\/p>\n\n\n\n<p>Oktober 2022: <a rel=\"noreferrer noopener\" href=\"https:\/\/muensteraner-kreis.de\/?p=245\" target=\"_blank\">M\u00fcnsteraner Memorandum \u201eIntegrative Medizin&#8220;<\/a>, in dem wir die verbreitete These vom \u201aBesten beider Welten\u2018 hinterfragen, die die Integrative Medizin (IM) kennzeichnet.&nbsp;Entgegen anderslautenden Versprechungen hat IM kein erkennbares Potential zur Verbesserung der Medizin. Sie stiftet vielmehr Verwirrung und bringt Gefahren mit sich.&nbsp;Vor diesem Hintergrund ist zu fordern, dass IM auf allen Ebenen kritisch hinterfragt wird. <\/p>\n\n\n\n<p>M\u00e4rz 2022: <a rel=\"noreferrer noopener\" href=\"https:\/\/muensteraner-kreis.de\/?page_id=192\" target=\"_blank\">M\u00fcnsteraner Memorandum Wissenschaftsorientierte Medizin<\/a>, in dem wir uns mit dem Anspruch der moderne akademische Medizin auseinandersetzen,  die Erfolgsaussichten ihrer Behandlungsma\u00dfnahmen nach dem jeweiligen wissenschaftlichen Erkenntnisstand erkl\u00e4ren und empi\u00adrisch belegen zu k\u00f6nnen. Die\u00adses Memorandum soll dazu dienen, die Ziele und Grundbegriffe der WOM im Spiegel der Covid-19-Pandemie darzulegen.&nbsp;<\/p>\n\n\n\n<p>April 2021: <a href=\"http:\/\/muensteraner-kreis.de\/wp-content\/uploads\/2021\/04\/Muensteraner-Kreis-2021-Homoeopathie-10-Sprachverwirrungen.pdf\">Hom\u00f6opathie \u2013 10 Sprachverwirrungen<\/a>. Eine Handreichung, in der wir auf Formulierungen aufmerksam machen m\u00f6chten, die sich im allgemeinen Sprachgebrauch breitgemacht haben und sogar in Hom\u00f6opathie-kritischen Medienbeitr\u00e4gen verwendet werden, die jedoch aus der Werbe- und Verwirrsprache der Hom\u00f6opathie stammen. Zu diesen Begriffen m\u00f6chten wir Alternativen anbieten.<\/p>\n\n\n\n<p>M\u00e4rz 2018: <a rel=\"noreferrer noopener\" href=\"http:\/\/muensteraner-kreis.de\/?page_id=14\" target=\"_blank\">M\u00fcnsteraner Memorandum Hom\u00f6opathie<\/a>, in dem wir die Abschaffung der Zusatzbezeichnung Hom\u00f6opathie fordern. \u00c4rztekammern verleihen diese Zusatzbezeichnung \u00c4rztinnen und \u00c4rzte, die entsprechende Fortbildungen nachweisen. Dadurch bekommt die esoterische Heilslehre der Hom\u00f6opathie einen seri\u00f6sen Anstrich, der ihr in einem wissenschaftlich orientierten Gesundheitswesen nicht zusteht.<br><br>August 2017: <a rel=\"noreferrer noopener\" href=\"http:\/\/muensteraner-kreis.de\/?page_id=13\" target=\"_blank\">M\u00fcnsteraner Memorandum Heilpraktiker<\/a>, in dem wir eine Abschaffung oder grundlegende Reform des Heilpraktikerberufs anregen. Wenn Sie das Memorandum unterst\u00fctzen m\u00f6chten, schreiben Sie bitte eine Mail an unterstuetzer [at] muensteraner-kreis.de.<\/p>\n","protected":false},"excerpt":{"rendered":"<p>25. Oktober 2023 Der M\u00fcnsteraner Kreis legt seine \u201eMemoranden\u201c in Buchform vor \u2013 und beendet seine T\u00e4tigkeit in bisheriger Form\u00a0 Sieben Jahre lang hat sich der M\u00fcnsteraner Kreis mit kritischen Texten zu Wort gemeldet \u2013 mit Texten, die die verschiedenen Probleme der sogenannten Alternativmedizin adressieren. Meinungsstark, kondensiert und allgemeinverst\u00e4ndlich argumentierend, sollten sie die interessierte \u00d6ffentlichkeit, [&hellip;]<\/p>\n","protected":false},"author":1,"featured_media":0,"parent":0,"menu_order":0,"comment_status":"closed","ping_status":"open","template":"","meta":{"footnotes":"","_links_to":"","_links_to_target":""},"class_list":["post-2","page","type-page","status-publish","hentry"],"jetpack_sharing_enabled":true,"_links":{"self":[{"href":"https:\/\/muensteraner-kreis.de\/index.php?rest_route=\/wp\/v2\/pages\/2","targetHints":{"allow":["GET"]}}],"collection":[{"href":"https:\/\/muensteraner-kreis.de\/index.php?rest_route=\/wp\/v2\/pages"}],"about":[{"href":"https:\/\/muensteraner-kreis.de\/index.php?rest_route=\/wp\/v2\/types\/page"}],"author":[{"embeddable":true,"href":"https:\/\/muensteraner-kreis.de\/index.php?rest_route=\/wp\/v2\/users\/1"}],"replies":[{"embeddable":true,"href":"https:\/\/muensteraner-kreis.de\/index.php?rest_route=%2Fwp%2Fv2%2Fcomments&post=2"}],"version-history":[{"count":35,"href":"https:\/\/muensteraner-kreis.de\/index.php?rest_route=\/wp\/v2\/pages\/2\/revisions"}],"predecessor-version":[{"id":341,"href":"https:\/\/muensteraner-kreis.de\/index.php?rest_route=\/wp\/v2\/pages\/2\/revisions\/341"}],"wp:attachment":[{"href":"https:\/\/muensteraner-kreis.de\/index.php?rest_route=%2Fwp%2Fv2%2Fmedia&parent=2"}],"curies":[{"name":"wp","href":"https:\/\/api.w.org\/{rel}","templated":true}]}}

Sieben Jahre Münsteraner Kreis

<figure class="wp-block-image size-large"><img loading="lazy" decoding="async" width="1024" height="318" src="http://muensteraner-kreis.de/wp-content/uploads/2020/04/Institut-für-Ethik-Geschichte-und-Theorie-der-Medizin1-1024x318.jpg" alt="" class="wp-image-11" srcset="https://muensteraner-kreis.de/wp-content/uploads/2020/04/Institut-für-Ethik-Geschichte-und-Theorie-der-Medizin1-1024x318.jpg 1024w, https://muensteraner-kreis.de/wp-content/uploads/2020/04/Institut-für-Ethik-Geschichte-und-Theorie-der-Medizin1-300x93.jpg 300w, https://muensteraner-kreis.de/wp-content/uploads/2020/04/Institut-für-Ethik-Geschichte-und-Theorie-der-Medizin1-768x239.jpg 768w, https://muensteraner-kreis.de/wp-content/uploads/2020/04/Institut-für-Ethik-Geschichte-und-Theorie-der-Medizin1-1200x373.jpg 1200w, https://muensteraner-kreis.de/wp-content/uploads/2020/04/Institut-für-Ethik-Geschichte-und-Theorie-der-Medizin1.jpg 1280w" sizes="auto, (max-width: 1024px) 100vw, 1024px" /></figure>



<div style="height:35px" aria-hidden="true" class="wp-block-spacer"></div>



<p>25. Oktober 2023</p>



<h4 class="wp-block-heading">Der Münsteraner Kreis<em> </em>legt seine „Memoranden“ in Buchform vor – und beendet seine Tätigkeit in bisheriger Form </h4>



<p>Sieben Jahre lang hat sich der Münsteraner Kreis mit kritischen Texten zu Wort gemeldet – mit Texten, die die verschiedenen Probleme der sogenannten Alternativmedizin adressieren. Meinungsstark, kondensiert und allgemeinverständlich argumentierend, sollten sie die interessierte Öffentlichkeit, die Politik und den Journalismus erreichen und aufrütteln. </p>



<p>Inhaltlich richten diese Memoranden sich gegen das Eindringen esoterischer Pseudomedizin in den akademischen Medizinbetrieb; gegen den patientenschädigenden Lobbyismus der Kügelchen-Welt; gegen unlautere Heilsversprechen und Wirksamkeitsbehauptungen; gegen das Bedienen nicht-aufgeklärter Patientenhoffnungen und die Adelung einer irrationalen Parallelwelt zur wissenschaftsorientierten konventionellen Medizin. Nun liegen alle diese Texte erstmals versammelt in Buchform vor und haben nicht an Aktualität verloren.&nbsp;</p>



<p>Das Wesentliche ist gesagt, aber die Resonanz vor allem in der Politik ist flau. Mit einer entsprechenden Mischung aus Stolz und Ernüchterung löst sich das interdisziplinäre Experten-Gremium nun auf. Wohl sind in den vergangenen drei Jahren 15 von insgesamt 17 Landesärztekammern dem Vorstoß Bremens darin gefolgt, endlich die ärztliche Zusatzausbildung für Homöopathie abzuschaffen: ein Relikt aus vorwissenschaftlichen Zeiten, das fast weltweit seinesgleichen gesucht hat. Aber noch immer besteht etwa die absurde deutsche Konstruktion der „besonderen Therapierichtungen“, mit deren Hilfe Präparate der Homöopathie, Anthroposophischen Medizin und Phytotherapie die etablierten Anforderungen an Wirksamkeitsnachweise umgehen dürfen. Noch immer hofieren viele Universitäten, Ärztekammern, Kassenärztliche Vereinigungen und Gesetzliche Krankenkassen die „Alternativmedizin“, die in Wahrheit doch nur „Schwurbelmedizin“ und „Quacksalberei“ ist. Diese gefährliche Toleranz betrifft Forschung, Lehre, Versorgung und Finanzierung. Der Ball, so der Münsteraner Kreis, liegt nun im Feld der Politik. </p>



<figure class="wp-block-image size-large is-resized"><a href="https://www.jmb-verlag.de/produkt/muensteraner-memoranden/"><img loading="lazy" decoding="async" width="724" height="1024" src="http://muensteraner-kreis.de/wp-content/uploads/2023/10/Cover-Memoranden-724x1024.jpg" alt="" class="wp-image-335" style="aspect-ratio:0.70703125;width:234px;height:auto" srcset="https://muensteraner-kreis.de/wp-content/uploads/2023/10/Cover-Memoranden-724x1024.jpg 724w, https://muensteraner-kreis.de/wp-content/uploads/2023/10/Cover-Memoranden-212x300.jpg 212w, https://muensteraner-kreis.de/wp-content/uploads/2023/10/Cover-Memoranden-768x1087.jpg 768w, https://muensteraner-kreis.de/wp-content/uploads/2023/10/Cover-Memoranden-1086x1536.jpg 1086w, https://muensteraner-kreis.de/wp-content/uploads/2023/10/Cover-Memoranden-1447x2048.jpg 1447w, https://muensteraner-kreis.de/wp-content/uploads/2023/10/Cover-Memoranden-880x1245.jpg 880w, https://muensteraner-kreis.de/wp-content/uploads/2023/10/Cover-Memoranden-220x311.jpg 220w, https://muensteraner-kreis.de/wp-content/uploads/2023/10/Cover-Memoranden-scaled.jpg 1809w" sizes="auto, (max-width: 724px) 100vw, 724px" /></a></figure>



<p><a href="https://www.jmb-verlag.de/produkt/muensteraner-memoranden/">Münsteraner Memoranden</a> – eine kritische Auseinandersetzung mit komplementärer und alternativer Medizin; Bettina Schöne-Seifert (Hrsg.) 172 Seiten; 2023; JMB Verlag. ISBN:978-3-95945-600-5. Preis 20,00€ </p>



<div style="height:54px" aria-hidden="true" class="wp-block-spacer"></div>



<h4 class="wp-block-heading">Die Projekte im Einzelnen:</h4>



<p>Februar 2023: <a href="https://muensteraner-kreis.de/?page_id=316" target="_blank" rel="noreferrer noopener">Münsteraner Memorandum Homöopathie in der Apotheke</a>, in dem dargestellt wird, dass Apotheken gezwungen sind, Homöopathika zu liefern, und dass eine nennenswerte Anzahl Apotheken weit darüber hinausgeht. Der Münsteraner Kreis appelliert an die Apotheker:innen und PTAs in Deutschland, Homöopathika nicht mehr als wirksame Therapieoption zu bewerben und sie nicht mehr in Eigenregie herzustellen und zu vermarkten.</p>



<p>Januar 2023: <a href="https://muensteraner-kreis.de/?page_id=285">Münsteraner Memorandum Evidenzbasierte Medizin</a>, in dem wir fordern, dass bei der Beurteilung von Behandlungsansätzen immer auch Plausibilitätsüberlegungen einfließen müssen, die sich auch auf Grundkonzepte etwa der Biologie, Biochemie und Physiologie stützen. Im Fall von sogenannter Alternativmedizin muss sich die Wissenschaftsgemeinschaft auf diese wissenschaftliche Gesamtevidenz berufen.</p>



<p>November 2022: <a href="https://muensteraner-kreis.de/?page_id=264">Münsteraner Memorandum Anthroposophische Medizin</a>, in dem wir die Anthroposophie und ihren Gründer Rudolf Steiner vorstellen. Steiner war – anders als seine Anhänger meinen – kein Wissenschaftler. Die sich auf Steiner berufende Anthroposophische Medizin entbehrt jeder Rationalität und ist mit ihrer wissenschaftsaversen und ausgeprägt esoterischen Grundausrichtung für Kranke und Ratsuchende nutzlos bis gefährlich. </p>



<p>Oktober 2022: <a rel="noreferrer noopener" href="https://muensteraner-kreis.de/?p=245" target="_blank">Münsteraner Memorandum „Integrative Medizin&#8220;</a>, in dem wir die verbreitete These vom ‚Besten beider Welten‘ hinterfragen, die die Integrative Medizin (IM) kennzeichnet.&nbsp;Entgegen anderslautenden Versprechungen hat IM kein erkennbares Potential zur Verbesserung der Medizin. Sie stiftet vielmehr Verwirrung und bringt Gefahren mit sich.&nbsp;Vor diesem Hintergrund ist zu fordern, dass IM auf allen Ebenen kritisch hinterfragt wird. </p>



<p>März 2022: <a rel="noreferrer noopener" href="https://muensteraner-kreis.de/?page_id=192" target="_blank">Münsteraner Memorandum Wissenschaftsorientierte Medizin</a>, in dem wir uns mit dem Anspruch der moderne akademische Medizin auseinandersetzen,  die Erfolgsaussichten ihrer Behandlungsmaßnahmen nach dem jeweiligen wissenschaftlichen Erkenntnisstand erklären und empi­risch belegen zu können. Die­ses Memorandum soll dazu dienen, die Ziele und Grundbegriffe der WOM im Spiegel der Covid-19-Pandemie darzulegen.&nbsp;</p>



<p>April 2021: <a href="http://muensteraner-kreis.de/wp-content/uploads/2021/04/Muensteraner-Kreis-2021-Homoeopathie-10-Sprachverwirrungen.pdf">Homöopathie – 10 Sprachverwirrungen</a>. Eine Handreichung, in der wir auf Formulierungen aufmerksam machen möchten, die sich im allgemeinen Sprachgebrauch breitgemacht haben und sogar in Homöopathie-kritischen Medienbeiträgen verwendet werden, die jedoch aus der Werbe- und Verwirrsprache der Homöopathie stammen. Zu diesen Begriffen möchten wir Alternativen anbieten.</p>



<p>März 2018: <a rel="noreferrer noopener" href="http://muensteraner-kreis.de/?page_id=14" target="_blank">Münsteraner Memorandum Homöopathie</a>, in dem wir die Abschaffung der Zusatzbezeichnung Homöopathie fordern. Ärztekammern verleihen diese Zusatzbezeichnung Ärztinnen und Ärzte, die entsprechende Fortbildungen nachweisen. Dadurch bekommt die esoterische Heilslehre der Homöopathie einen seriösen Anstrich, der ihr in einem wissenschaftlich orientierten Gesundheitswesen nicht zusteht.<br><br>August 2017: <a rel="noreferrer noopener" href="http://muensteraner-kreis.de/?page_id=13" target="_blank">Münsteraner Memorandum Heilpraktiker</a>, in dem wir eine Abschaffung oder grundlegende Reform des Heilpraktikerberufs anregen. Wenn Sie das Memorandum unterstützen möchten, schreiben Sie bitte eine Mail an unterstuetzer [at] muensteraner-kreis.de.</p>

<p>25. Oktober 2023 Der Münsteraner Kreis legt seine „Memoranden“ in Buchform vor – und beendet seine Tätigkeit in bisheriger Form  Sieben Jahre lang hat sich der Münsteraner Kreis mit kritischen Texten zu Wort gemeldet – mit Texten, die die verschiedenen Probleme der sogenannten Alternativmedizin adressieren. Meinungsstark, kondensiert und allgemeinverständlich argumentierend, sollten sie die interessierte Öffentlichkeit, [&hellip;]</p>
