{"id":160,"date":"2021-04-26T16:26:39","date_gmt":"2021-04-26T14:26:39","guid":{"rendered":"https:\/\/muensteraner-kreis.de\/?page_id=160"},"modified":"2025-04-14T11:13:34","modified_gmt":"2025-04-14T09:13:34","slug":"__trashed","status":"publish","type":"page","link":"https:\/\/muensteraner-kreis.de\/?page_id=160","title":{"rendered":"Hom\u00f6opathie \u2013 10 Sprachverwirrungen"},"content":{"rendered":"\n<p><em>Im Alltag haben sich Formulierungen breitgemacht, die die Hom\u00f6opathie zu positiv darstellen. Beispiele daf\u00fcr finden sich sogar in Medienbeitr\u00e4gen, die die Hom\u00f6opathie kritisch sehen. Der M\u00fcnsteraner Kreis ver\u00f6ffentlicht nun ein <a href=\"http:\/\/muensteraner-kreis.de\/wp-content\/uploads\/2021\/04\/Muensteraner-Kreis-2021-Homoeopathie-10-Sprachverwirrungen.pdf\">Poster<\/a> mit 10 Sprachverwirrungen und m\u00f6glichen Alternativen.<\/em><\/p>\n\n\n\n<p>In einem Newsletter des Deutschen Zentralvereins hom\u00f6opathischer \u00c4rzte geht es um die Corona-Pandemie, speziell um die als \u201eLong-Covid\u201c bekannten, vielf\u00e4ltigen Folgen einer Infektion. Dr. med. Ulf Riker, 2. Vorsitzender des Vereins, schreibt: \u201eHier \u00f6ffnet sich ein weiteres Feld f\u00fcr die Hom\u00f6opathie.\u201c Wer das nicht wahrhaben und \u201evernunftbegabten Menschen eine Heilmethode mies argumentieren\u201c wolle, sei ein \u201eHom\u00f6opathie-Leugner\u201c.<\/p>\n\n\n\n<p>Sprache ist ein m\u00e4chtiges Instrument. Der \u201eHom\u00f6opathie-Leugner\u201c, so suggeriert der Ausdruck, m\u00fcsse wohl \u00e4hnlich verquer im Kopf sein wie der \u201eCorona-Leugner\u201c. Das ist nur ein Sprachbeispiel von vielen, die die Hom\u00f6opathie in einem warmen Licht zeigen: als rationale, der wissenschaftlichen Medizin zur Seite stehende, mithin ebenb\u00fcrtige oder gar selbst wissenschaftlich fundierte Heilmethode. Doch das ist eine grobe Irref\u00fchrung, denn Hom\u00f6opathie ist Esoterik in Reinkultur. Sie beruht auf der Pr\u00e4misse, dass geistartige Heilkr\u00e4fte aus Substanzen frei werden, wenn man diese nur oft genug verd\u00fcnnt und dabei ausreichend sch\u00fcttelt.&nbsp;<\/p>\n\n\n\n<p>Der M\u00fcnsteraner Kreis hat nun solche Sprachbeispiele unter die Lupe genommen. Der informelle Zusammenschluss von Expertinnen und Experten setzt sich seit Juni 2016 kritisch mit der komplement\u00e4ren und alternativen Medizin auseinander. Er geht auf eine Initiative von Dr. Bettina Sch\u00f6ne-Seifert zur\u00fcck, Professorin und Lehrstuhlinhaberin f\u00fcr Medizinethik an der Universit\u00e4t M\u00fcnster. Im Februar 2018 forderte der M\u00fcnsteraner Kreis, die Zusatzbezeichnung Hom\u00f6opathie abzuschaffen, was inzwischen 15 Landes\u00e4rztekammern umgesetzt haben.<\/p>\n\n\n\n<p>Bei der aktuellen Auseinandersetzung mit den Sprachbeispielen fiel auf, dass besch\u00f6nigende Formulierungen selbst in Medienbeitr\u00e4gen zu finden sind, die eine m\u00f6gliche Wirkung hom\u00f6opathischer Pr\u00e4parate klar verneinen. \u201eOffenbar haben sich Formulierungen aus der Werbe- und Verwirrsprache der Hom\u00f6opathie so breitgemacht, dass sie selbst von Hom\u00f6opathie-Kritikern nicht hinterfragt werden\u201c, sagt Sch\u00f6ne-Seifert. \u201eWir hoffen, dass wir mit unserer Analyse f\u00fcr einen korrekten Sprachgebrauch sensibilisieren.\u201c<\/p>\n\n\n\n<p>Resultat der Arbeit ist ein <a href=\"http:\/\/muensteraner-kreis.de\/wp-content\/uploads\/2021\/04\/Muensteraner-Kreis-2021-Homoeopathie-10-Sprachverwirrungen.pdf\">Poster<\/a> mit 10 Sprachverwirrungen plus m\u00f6glichen Alternativen. H\u00e4ufig zu finden ist beispielsweise die Formulierung \u201eHom\u00f6opathika haben keinen bewiesenen Nutzen\u201c. Irref\u00fchrend ist die Formulierung deshalb, weil einschr\u00e4nkende Attribute wie \u201ebewiesen\u201c andeuten, dass es doch einen Nutzen geben k\u00f6nnte, der eben nur noch nicht bewiesen ist. Genau das ist die Argumentation der Hom\u00f6opathen. So bem\u00fcht auch Ulf Riker in seinem Newsletter die M\u00e4r vom \u201enoch nicht entschl\u00fcsselten Wirkprinzip der Hom\u00f6opathie\u201c. Eine zutreffendere Formulierung w\u00e4re schlicht: \u201eHom\u00f6opathika haben keinen Nutzen.\u201c Daran wird auch die Corona-Pandemie nichts \u00e4ndern.<\/p>\n\n\n\n<p>Das <a href=\"http:\/\/muensteraner-kreis.de\/wp-content\/uploads\/2021\/04\/Muensteraner-Kreis-2021-Homoeopathie-10-Sprachverwirrungen.pdf\">Poster<\/a> kann unter der Nennung \u201e\u00a9 M\u00fcnsteraner Kreis\u201c frei abgedruckt werden.<\/p>\n\n\n\n<p>Kontakt:&nbsp;christian.weymayr [at] web.de, 01577 6811061<\/p>\n\n\n\n<p>Stand 2025<\/p>\n","protected":false},"excerpt":{"rendered":"<p>Im Alltag haben sich Formulierungen breitgemacht, die die Hom\u00f6opathie zu positiv darstellen. Beispiele daf\u00fcr finden sich sogar in Medienbeitr\u00e4gen, die die Hom\u00f6opathie kritisch sehen. Der M\u00fcnsteraner Kreis ver\u00f6ffentlicht nun ein Poster mit 10 Sprachverwirrungen und m\u00f6glichen Alternativen. In einem Newsletter des Deutschen Zentralvereins hom\u00f6opathischer \u00c4rzte geht es um die Corona-Pandemie, speziell um die als \u201eLong-Covid\u201c [&hellip;]<\/p>\n","protected":false},"author":1,"featured_media":0,"parent":0,"menu_order":0,"comment_status":"closed","ping_status":"closed","template":"","meta":{"footnotes":"","_links_to":"","_links_to_target":""},"class_list":["post-160","page","type-page","status-publish","hentry"],"jetpack_sharing_enabled":true,"_links":{"self":[{"href":"https:\/\/muensteraner-kreis.de\/index.php?rest_route=\/wp\/v2\/pages\/160","targetHints":{"allow":["GET"]}}],"collection":[{"href":"https:\/\/muensteraner-kreis.de\/index.php?rest_route=\/wp\/v2\/pages"}],"about":[{"href":"https:\/\/muensteraner-kreis.de\/index.php?rest_route=\/wp\/v2\/types\/page"}],"author":[{"embeddable":true,"href":"https:\/\/muensteraner-kreis.de\/index.php?rest_route=\/wp\/v2\/users\/1"}],"replies":[{"embeddable":true,"href":"https:\/\/muensteraner-kreis.de\/index.php?rest_route=%2Fwp%2Fv2%2Fcomments&post=160"}],"version-history":[{"count":7,"href":"https:\/\/muensteraner-kreis.de\/index.php?rest_route=\/wp\/v2\/pages\/160\/revisions"}],"predecessor-version":[{"id":346,"href":"https:\/\/muensteraner-kreis.de\/index.php?rest_route=\/wp\/v2\/pages\/160\/revisions\/346"}],"wp:attachment":[{"href":"https:\/\/muensteraner-kreis.de\/index.php?rest_route=%2Fwp%2Fv2%2Fmedia&parent=160"}],"curies":[{"name":"wp","href":"https:\/\/api.w.org\/{rel}","templated":true}]}}